 46 - 41. Is 5612/p + 9/15 a composite number?
False
Let y(j) = -j**2 + 5*j - 1. Let k be y(4). Suppose k*r + 5*n = 906, 0*r - r + 285 = -4*n. Suppose i - r = c, 3*i - 289 = 2*i + 5*c. Is i a composite number?
True
Let p(y) = -2*y**2 - 2*y**2 + 7*y**2 - 2*y**2. Let v be p(-2). Let a = 71 - v. Is a composite?
False
Suppose 1 = -4*c - 2*i - 11, 3*c = -i - 9. Let d be c/(3/2)*-519. Suppose 2*h + 2*h - l = d, -5*h + 1305 = -5*l. Is h prime?
False
Suppose 8*h - 16576 = h. Suppose 7*n + 527 = h. Is n a composite number?
False
Let l be (-2)/4*(6 + -14). Let z be (l + 1)*748/10. Suppose o = -b + z, -3*b + 3*o + 1140 = -0*b. Is b a composite number?
True
Suppose 2*k + 8 = 4*v, 3*k = 2*v + 4*k - 12. Suppose 0*h - v*h = -1660. Is h a prime number?
False
Suppose 0 = -21*k + 18*k + 42. Is 5*45 + k/(-7) prime?
True
Suppose -12*a = 1756 - 10144. Is 0 + 3 - (1 - -2 - a) prime?
False
Let c(u) = u**3 - 4*u**2 + 4*u - 5. Let x be c(6). Let v = 253 - 73. Let z = v - x. Is z a prime number?
True
Let z(p) = 507*p + 181. Is z(14) prime?
False
Suppose 3*y - y = 0, -5*y - 12 = 4*t. Is ((-2752)/t + 2)*3/2 composite?
True
Suppose -2*s = -d + 9043, -9*s - 10 = -7*s. Is d a composite number?
True
Is 3 + 7 + 43869/3 a composite number?
False
Suppose 22*i - 25*i - 4*u + 103745 = 0, 5*i - 3*u = 172918. Is i composite?
False
Let k be 7359/18 - (-3)/18. Is (k/(-4))/(7/(-28)) composite?
False
Let o(k) = 5*k - 1. Let f be o(3). Suppose -v + 68 - f = 0. Suppose 830 = 4*h - v. Is h composite?
True
Let c(k) = -k**2 + 6*k + 6. Let h be c(6). Let i = -150 - -386. Is (-3)/(-2)*i/h a prime number?
True
Suppose 5*b = 3*z + 42, 5*z + 32 = 2*b - 0*z. Suppose b*n - 335 = n. Is n a composite number?
False
Let f(d) = -7*d**3 + 7*d - 3*d**3 + 6 + 6*d**2 + 14*d**3 - 5*d**3. Let u be f(6). Suppose -c + u = j + 4*j, -3*c - j = -116. Is c composite?
True
Let r(j) = j**2 - j - 75. Let p(m) = -m**2 + m + 74. Let b(z) = -4*p(z) - 5*r(z). Suppose w - a = 5, 5*a + 15 = 4*w + 2*a. Is b(w) a prime number?
True
Is (-10)/45 - (-28124)/36 a prime number?
False
Let t = 1535 + 3182. Is t composite?
True
Let g(x) = -x + 8. Let c be g(11). Is 190 + 0 + c + 4 a composite number?
False
Is -3*((-10902)/18 + 1) prime?
False
Let y = -811 + 1290. Is y prime?
True
Is 1551 + (28/(-7) - -12) a composite number?
False
Let x(w) = -4 + 1 - 2 - 6*w + 28*w**2. Suppose r - 6 = 7*t - 4*t, 2*r + 5*t + 21 = 0. Is x(r) prime?
False
Suppose 6183 = m + 44851. Let p be m/(-21) + 4/6. Suppose 0 = 3*v + 3*v - p. Is v a prime number?
True
Is (-1159536)/(-30) - 11/55 a composite number?
False
Let m = -13 - -30. Let i = 886 + -555. Suppose -2*t - m = -i. Is t a prime number?
True
Let k(z) = -2*z**3 - 2*z**2 + 8*z - 7. Let c be k(-5). Suppose -2*d - 3*d + c = 4*f, -d + 149 = 4*f. Is f composite?
False
Is 60969*(156/117 - (1 + 0)) a prime number?
True
Suppose j + 2275 = -5*l, 2255 = -5*l - 6*j + j. Let z = -180 - l. Suppose r = -3*r + z. Is r prime?
False
Let r be (-113304)/(-54) + (-5)/((-90)/(-4)). Suppose 5*j - 7*j = -r. Is j a composite number?
False
Suppose -4*t + 616 = -n + 195, 5*t = -n + 533. Let h = 1901 - t. Is h composite?
True
Let c = -85 - -87. Suppose 0 = -4*b - c*n + 9006, 3*b = n + 4013 + 2729. Is b a prime number?
False
Suppose 5*q = 0, 7*q + 549 = 3*f + 3*q. Is f a prime number?
False
Let b(p) = 112*p**3 - 3*p**2 + p - 3. Is b(4) a prime number?
True
Let d(w) be the third derivative of -w**4/12 - 5*w**3/6 - 3*w**2. Let g be d(-5). Suppose 0*u - 3*f - 755 = -4*u, g*f - 160 = -u. Is u a composite number?
True
Suppose 3*n = -3*j + 39, 52 = 5*n - 4*j + 14. Suppose 10420 = 14*l - n*l. Is l prime?
False
Let h = -26 + 22. Is (-20)/(-8)*(-296)/h prime?
False
Is (-410470)/(-42) + 374/(-3927) prime?
False
Suppose -2*p + 0 - 4 = 0. Let q(c) = -262*c - 9. Is q(p) a composite number?
True
Let f(m) = -m**3 + 6*m**2 + 7*m. Let k be f(7). Is 7*67 + k/(-8) a prime number?
False
Let m be (-6)/(-9)*6 + -1. Suppose -z + 20 = m*z. Suppose z*x - 3*b - 190 - 84 = 0, -68 = -x + 5*b. Is x composite?
False
Let p = 53 + -70. Let i(v) = v**3 + 17*v**2 - 16*v - 5. Is i(p) prime?
False
Suppose -411 = 9*n + 1272. Is n/2*2/3*-3 a composite number?
True
Suppose -c - 2*r + 10 = -3*r, 4*c - 32 = 2*r. Suppose -3*p - 4*q = 238, p - c*q + 3*q + 101 = 0. Let h = p + 165. Is h composite?
False
Suppose 6 = -0*n + 3*n. Let q be (n - -52) + 1/(-1). Suppose 3*s - 10 = q. Is s prime?
False
Let v be 33/9 - (-4)/(-6). Suppose n + 690 = a, v*n = -3*a - 0*n + 2064. Is a a composite number?
True
Let u = -7467 - -25118. Is u a prime number?
False
Let n be 3/((-9)/(-12)) + -2. Suppose -b = 4*d - 12, -b - 24 = n*b - 3*d. Is (-20055)/(-27) - b/18 a composite number?
False
Suppose 3*m + 3 = 12. Suppose -v + 260 = 4*v - m*s, s = 4*v - 215. Is v prime?
False
Is 2/7 - -723*1370/210 composite?
True
Let y = 327 + 795. Suppose -8*n + y = -4102. Is n a prime number?
True
Let x(r) = -r + 6. Let v be x(6). Let a(i) be the first derivative of 3*i**2/2 + 13*i - 3. Is a(v) composite?
False
Let b(p) = p - 8. Let i be b(-6). Let k = 12 + i. Is 34 + 9/((-6)/k) a composite number?
False
Let c(x) = x - 1. Let d be c(4). Let y be (d - 2)*(4 - -1). Suppose 0 = -y*l - 94 + 639. Is l a composite number?
False
Suppose -4*z - 2*k = -5996, -32*z - 2*k = -30*z - 2994. Is z composite?
True
Let q be 1*-3 + 16/(3 - -1). Is (q*9/6)/((-3)/(-514)) composite?
False
Let m(x) = 0*x - 3*x + 4*x - 4*x + 5*x**2 - 5. Suppose -5*t + 7 = -2*k - 23, 2*t - 4*k - 12 = 0. Is m(t) a composite number?
False
Is (-184428)/(-42) + 2/(-14) prime?
True
Suppose -c - g + 6 = 0, 16 = -5*g - 4. Suppose -5*w = c, 3*w + 8 = 5*i - w. Suppose -4*d + 296 = -i*d. Is d composite?
True
Let a = 7314 - 1775. Is a a composite number?
True
Suppose -3*u + 5 + 1 = 0. Suppose -y - u*w + 372 = 0, 22 = y - w - 347. Suppose y - 25 = 5*t. Is t a prime number?
False
Let c = 264 + -65. Is c a composite number?
False
Is -3*(-4)/(-84)*-7*2437 composite?
False
Suppose 4*q + 0 = -3*d - 3, -4*q - 5*d = 13. Suppose y + q*y = -232. Let a = 195 - y. Is a composite?
True
Suppose 0 = -4*x - 4*m + 6920, 5*x - m - 514 = 8142. Suppose 2*y - 532 = -3*g, -5*y + x = g + 388. Is y composite?
False
Let g(x) = 28*x + 15. Let z be ((-2)/8)/(3/(-12)). Let l be (27 - 30)*(z - 4). Is g(l) prime?
False
Suppose 0*o + 8 = 4*o. Suppose -2*x = 6, -5*x = -5*p - o*x + 4204. Is p prime?
True
Let v(k) = 11*k**2 - 2*k + 5. Suppose -2*w + 14 = -l, -14 - 10 = 2*l - 3*w. Is v(l) composite?
True
Suppose -1 = j - 4. Let r(m) = -m**2 + m**2 + 116 - 115 - 2*m + 40*m**j. Is r(2) composite?
False
Suppose 11*x - 275452 = 7*x. Is x a prime number?
True
Is 243/(-162)*(-29188)/3 prime?
False
Suppose -2*t - t + 4 = l, -37 = -4*t + 5*l. Let f(x) = 8*x**2 + 4*x - 3. Let b be f(4). Suppose t*u - 1278 + b = 0. Is u a prime number?
True
Suppose 4*o + 37 = -5*k, 0 = 2*k - 3*k - 5. Is (1/o)/(15/(-13815)) prime?
True
Let p(x) = 404*x - 165. Is p(16) composite?
False
Let s = 20 + -22. Is 1177/s*((3 - 2) + -3) composite?
True
Let j(o) = o**3 - 4*o**2 - 12*o + 7. Let p be j(6). Suppose p*w - 4*w = 381. Is w composite?
False
Let o = 581 + -317. Suppose 115 = 2*j + a - 144, 2*j - o = -2*a. Is j a prime number?
True
Let h(l) = 127*l**2 - l. Let s be h(-1). Suppose k + 5*x + 38 = 3*k, 5*k = -4*x + s. Is (66/(-8))/((-9)/k) composite?
True
Let t be 129/21 - (1 - 24/28). Suppose 0 = -t*d - 3*d + 11358. Is d a composite number?
True
Suppose 2*d - 3*c + 17 = 118, -d + 46 = -3*c. Suppose 5*v = 75 + d. Suppose -3*p = -5*p + v. Is p prime?
True
Let q be -1 + 0 + 6 - 2. Suppose 3*h + q*i = 7*h - 1626, 2*i = 4. Let x = -197 + h. Is x a composite number?
False
Is (80/24)/((-6)/(-9))*1301 prime?
False
Let i = -12 + 8. Let b(y) = -3*y - 9. Let o be b(i). Suppose -4197 = -3*g + o*v, -4*g - 4*v + 5596 = -0*v. Is g prime?
True
Let s = 155804 + -44269. Is s a prime number?
False
Suppose 7*h - 12382 = 239. Is h prime?
False
Suppose -t = -7*t + 474. Is t composite?
False
Suppose -32*r + 13954 + 13854 = 0. Is r a composite number?
True
Let o(f) = -264*f + 59. Is o(-7) prime?
True
Suppose -q + 607 = -2*d, 3*q - 3*d - 1845 = -5*d. Is q composite?
False
Is (-5)/(-3) + (-469430)/(-69) a composite number?
True
Let p(t) = 16*t - 2. Suppose -y - 3*y - 20 = 0. Let h = y - -8. Is p(h) a prime number?
False
Let p be (-1 - (-21)/15)*(-